Suppose 61 = -3*n - 161. Let p = 87 + n. Calculate the greatest common factor of p and 104.
13
Let d(w) = 2*w**2 + w + 3. Let c be d(3). Let y(t) = 70*t**2 - t + 1. Suppose 3 = -2*m - m. Let o be y(m). What is the greatest common divisor of o and c?
24
Suppose -357 = -q - 2*q. Let i = q + -35. Suppose 0 = -3*c + 4*c - i. Calculate the highest common factor of c and 56.
28
Let w = 14 + -22. Let m be (3444/w)/((-6)/(-8)). Let p be 2/8 + m/(-8). Calculate the greatest common factor of 12 and p.
12
Let d = 7 - -1. Let u = d - -16. What is the highest common divisor of u and 60?
12
Let s(i) = i + 80. Let n(p) = -p**3 - 15*p**2 - 15*p - 14. Let k be n(-14). Let b be s(k). Suppose -m - m = -b. What is the highest common divisor of m and 10?
10
Let m = -3592 + 3627. Let h = 12 - 5. What is the greatest common divisor of m and h?
7
Let g be ((-12)/(-10))/(24/80). Suppose -5*t + 155 = 5*a, -g*a + 8 = -4. Calculate the highest common factor of 4 and t.
4
Let u = 2315 - 2294. What is the greatest common factor of 2457 and u?
21
Let n(g) = -g**2 - 8*g + 1. Let z be n(-6). Suppose -13*f - 19 = -14*f. Let j = f - z. Calculate the greatest common factor of 9 and j.
3
Suppose 3*y - 5*a + 5 = 0, -y + 5*a - 4 - 1 = 0. Suppose -3*i + y*i = 15. Let c = i + 37. What is the highest common divisor of 80 and c?
16
Let k be ((-1)/(-2))/(1/20). Let m(y) = 50*y**2 + 2*y + 2. Let r be m(-1). Suppose -l - l + r = 0. Calculate the highest common factor of l and k.
5
Let a be (1 - -1)/(-2)*-61. Let g = -42 + a. Calculate the highest common divisor of g and 152.
19
Let w = 591 - 393. Let n be -1 - (-18 + -3) - 9. What is the highest common divisor of n and w?
11
Suppose 20 = -4*r, -y + 2*r = -0*y - 53. Calculate the greatest common divisor of 1333 and y.
43
Let z = 2326 + -1820. Calculate the greatest common divisor of 414 and z.
46
Let d be 100/75*1/(6/45). What is the greatest common divisor of d and 145?
5
Suppose 5*v - 5*w - 10 = 0, -w + 0*w = 2*v - 4. Let o = 4 - v. Suppose -q = -o - 7. What is the highest common divisor of 72 and q?
9
Let o(p) = -p**3 - 12*p**2 - 9*p - 3. Let s be o(-5). Let x = 269 + s. What is the highest common factor of 34 and x?
34
Let v be ((-2)/2)/(16 + (-78090)/4880). What is the highest common factor of v and 305?
61
Suppose 0 = 10*o - 11*o + 77. Calculate the highest common factor of 14 and o.
7
Let d(c) = 5*c + 87. Let r be d(-15). What is the greatest common factor of r and 276?
12
Let q(t) = -13*t + 8. Let w be q(8). Let s = 88 - w. Suppose 0*m - 5*b - 31 = -2*m, m - 17 = 2*b. Calculate the greatest common factor of m and s.
23
Suppose f - 13 = -3*x + 44, x + f - 21 = 0. Let m = -8 + 33. Let q be 10/m + (-628)/(-5). Calculate the greatest common divisor of x and q.
18
Let w = -29 - -56. Suppose 3*d - 14 - 13 = 0. Let g = d + -6. What is the highest common factor of w and g?
3
Let g(v) = -15*v**2 + 5*v**3 - 14*v + 12 - v**3 - 5*v**3. Let h be g(-14). Let i(t) = 16*t + 4. Let r be i(5). Calculate the greatest common factor of h and r.
12
Let z(l) = 3*l - 1. Let y(f) = f. Let n(r) = -2*y(r) + z(r). Let g be n(7). Let o be (10/(-4))/((-4)/12)*2. What is the highest common divisor of o and g?
3
Let l = 234 + -210. What is the greatest common divisor of l and 4?
4
Let n = 44 + -40. Suppose 5*b - n*b - 85 = 0. Let c(y) = y**3 + 2*y**2 - 5*y + 4. Let p be c(3). Calculate the highest common factor of b and p.
17
Suppose 36*c - 852 = 2316. Calculate the highest common factor of c and 112.
8
Let r = 17 - 8. Let d be (-5)/(-2)*20/25. Let f be d*1 + (-3 - -4). What is the highest common factor of f and r?
3
Suppose -8*b - 23*b + 4030 = 0. Calculate the highest common factor of 20 and b.
10
Let o(x) = x**3 + 3*x**2 - 17*x - 17. Let n be o(-5). What is the greatest common divisor of n and 36?
18
Let n = 10 + -6. Suppose -4 = f, -2*h - 3*h = -n*f - 96. Let i(l) = -56*l + 696. Let a be i(12). What is the greatest common factor of h and a?
8
Suppose 2 = -2*s, 3*s - 57 - 129 = -3*l. What is the highest common factor of 273 and l?
21
Suppose -5*q + 6*a - 4*a = -122, q = -a + 23. Calculate the highest common divisor of q and 88.
8
Let x(r) = -r**3 - 9*r**2 - 6*r + 25. Let f be x(-8). Let o(u) = u**2 - 11 + 4*u + u - 3*u. Let n be o(f). Calculate the highest common factor of n and 11.
11
Let p = -166 + 356. Let s be ((-12)/(-2))/((-6)/(-76)). What is the highest common divisor of p and s?
38
Let f be (-61)/(-7) + 2/7. Let t = f - 3. Let s be t/30 - 124/(-5). What is the highest common factor of 5 and s?
5
Suppose -13 - 51 = -2*g. Suppose 0 = -f + 5, 4*k - 383 = 5*f - 20. Let d = k + -17. What is the highest common divisor of d and g?
16
Let v be 1/(2 + (-141)/72). Suppose -3*k + 5 + 4 = 0. Let a be ((-54)/(-15))/(k/50). Calculate the greatest common factor of a and v.
12
Suppose -2*p + 19 + 22 = s, -3*p - 2*s = -60. Calculate the highest common divisor of 33 and p.
11
Let s(y) = -y + 20. Let h be s(-6). Calculate the greatest common factor of 26 and h.
26
Let o(f) be the first derivative of -7*f - 3/2*f**2 - 6. Let n be o(-4). Calculate the highest common divisor of 10 and n.
5
Let r = -30 + 26. Let o be (-3 - 1) + 12 - r. What is the highest common factor of o and 108?
12
Let d(w) = 2*w + 4. Let v be d(3). Let h be (128/10)/(-2 + (-306)/(-150)). Suppose -h = 4*f - 12*f. Calculate the highest common divisor of v and f.
10
Let x(g) be the first derivative of -g**3/3 - 8*g**2 - 21*g + 18. Let f be x(-12). What is the greatest common divisor of f and 3?
3
Let w = 267 - 175. Let a = 81 + -35. Calculate the highest common factor of a and w.
46
Suppose -q - 95 = -2*q. Suppose -277 = -4*z + q. Suppose 0 = j - y - 21, 5*j - 2*y - z = -y. Calculate the greatest common divisor of 18 and j.
18
Suppose -66 = 2*w - 84. Calculate the greatest common factor of w and 9.
9
Suppose -18*h + 24*h - 192 = 0. Suppose -4*p + 3*o + 52 = 0, o = 4*p - 0*o - 60. What is the highest common divisor of p and h?
16
Let k(v) = -2*v + 5. Let p be k(-5). Suppose 0 = -0*t + 2*t - 20. Let w be 1194/t - 6/p. What is the greatest common factor of 17 and w?
17
Let v = 57 + 22. Let t be (0 - v*-2) + (-3 - -5). Calculate the highest common divisor of 40 and t.
40
Let j(b) = -b**3 - 10*b**2 + 26*b + 25. Let p be j(-12). Calculate the greatest common divisor of p and 1.
1
Let z be 10/(-4)*(-432)/(-120). Let f be 6*(-2)/z*702/4. What is the greatest common divisor of 13 and f?
13
Suppose -15*u = -18*u + 4*b + 2325, u - 4*b - 767 = 0. Calculate the greatest common divisor of u and 95.
19
Let l = -54 + 75. Let q be 3/((-1)/(14/3)) + 3. Let a be q/(-1) + (0 - -3). Calculate the highest common factor of a and l.
7
Suppose 0 = t - 4*w - 25, 3*w - 75 = -5*t - 2*w. What is the greatest common factor of t and 3?
1
Let q(v) = -4*v + 46. Let l be q(9). Let d be 4/18 - (-448)/9. Let a = 30 + d. What is the greatest common factor of a and l?
10
Let f = 47 + -75. Let b = f - -39. Let t(a) = 11*a + 3. Let r be t(b). Calculate the greatest common divisor of r and 31.
31
Suppose -6*p + 11 = -1. Suppose -29 - 1 = -p*v. What is the greatest common divisor of 10 and v?
5
Let o be ((-5)/2 + 1)*16/12. Let h be -3*o/(-12)*-260. What is the greatest common divisor of h and 10?
10
Let o(q) = q**3 + 8*q**2 + 9*q + 16. Let b be o(-7). Suppose -b*v = -25 + 23. What is the greatest common divisor of v and 8?
1
Let o(k) = -k + 3. Let m be o(-6). Suppose -1276 = -30*f + 1154. What is the greatest common factor of f and m?
9
Let p(w) = 3*w**3 - 4*w**2 + 4*w + 8. Let c be p(4). Suppose -c*j - 18 = -155*j. Calculate the highest common divisor of 114 and j.
6
Let c(z) be the third derivative of -11*z**4/24 + 4*z**2. Let n be c(-12). Let r = 38 - 26. What is the highest common factor of r and n?
12
Suppose 0 = 2*t - 2*b - 16, -5*t + 4*b + 43 = 7. Let a be -2*-1*(t + -3). Let f be 176/4*a/4. What is the highest common factor of f and 66?
22
Let u be 0 - (-11)/1 - 1. What is the greatest common factor of 410 and u?
10
Suppose 20*v + 70 = 4*p + 18*v, -4*p + 4*v = -72. Calculate the greatest common factor of 17 and p.
17
Let t = -2254 - -2258. Let h = -4 + 6. What is the greatest common factor of h and t?
2
Let y(t) = 3*t**3 - 10*t**2 - 8*t + 12. Let x be y(5). What is the highest common factor of 2425 and x?
97
Suppose -2*r - 4*b = -292,